{"id":124,"date":"2022-02-14T09:48:54","date_gmt":"2022-02-14T08:48:54","guid":{"rendered":"https:\/\/www.rta.be\/milieuxvivants\/?page_id=124"},"modified":"2022-03-28T12:16:54","modified_gmt":"2022-03-28T10:16:54","slug":"presentation","status":"publish","type":"page","link":"https:\/\/www.rta.be\/milieuxvivants\/presentation\/","title":{"rendered":"\u00ab\u00a0Fabriquer des milieux vivants\u00a0\u00bb &#8211;  Une tentative du Foyer l\u2019Aub\u00e9pine pour et avec les jeunes, leurs familles et les travailleurs"},"content":{"rendered":"\n<div class=\"wp-block-media-text alignwide is-stacked-on-mobile is-vertically-aligned-center\" style=\"grid-template-columns:31% auto\"><figure class=\"wp-block-media-text__media\"><img loading=\"lazy\" decoding=\"async\" width=\"674\" height=\"922\" src=\"https:\/\/www.rta.be\/milieuxvivants\/wp-content\/uploads\/2022\/02\/SRGAub.jpg\" alt=\"\" class=\"wp-image-230 size-full\" srcset=\"https:\/\/www.rta.be\/milieuxvivants\/wp-content\/uploads\/2022\/02\/SRGAub.jpg 674w, https:\/\/www.rta.be\/milieuxvivants\/wp-content\/uploads\/2022\/02\/SRGAub-219x300.jpg 219w, https:\/\/www.rta.be\/milieuxvivants\/wp-content\/uploads\/2022\/02\/SRGAub-508x695.jpg 508w\" sizes=\"auto, (max-width: 674px) 100vw, 674px\" \/><\/figure><div class=\"wp-block-media-text__content\">\n<div class=\"wp-block-group\"><div class=\"wp-block-group__inner-container is-layout-flow wp-block-group-is-layout-flow\">\n<h3 class=\"has-accent-color has-text-color wp-block-heading\" id=\"resume-de-l-ouvrage\"><em>Pr\u00e9sentation<\/em><\/h3>\n\n\n\n<p id=\"ce-livre-presente-quelques-aspects-de-la-pratique-innovante-du-foyer-l-aubepine-situe-a-havelange-en-belgique-le-foyer-l-aubepine-est-un-service-residentiel-mandate-qui-accueille-15-jeunes-ages-entre-3-et-18-ans-beneficiant-du-droit-de-vivre-en-dehors-de-leur-milieu-de-vie-le-livre-part-d-un-constat-souvent-lorsqu-on-parle-des-enfants-places-on-ne-connait-pas-bien-leur-realite-fait-qui-est-aggrave-par-une-representation-sombre-de-leur-vie-en-institution-l-equipe-du-foyer-l-aubepine-tente-de-ne-pas-s-enfermer-dans-un-scenario-deja-ecrit-elle-cherche-a-ouvrir-un-nouveau-champ-de-possibles-dans-le-livre-la-chercheuse-decrit-le-processus-d-une-recherche-action-participative-dans-laquelle-elle-a-ete-directement-engagee-et-qui-s-est-deroulee-entre-fevrier-et-novembre-2021-le-contenu-est-construit-grace-a-de-multiples-dialogues-et-rencontres-avec-les-jeunes-les-familles-les-travailleurs-et-les-partenaires\"><strong>Ce Carnet de l&rsquo;AJ pr\u00e9sente quelques aspects de la pratique innovante du <a rel=\"noreferrer noopener\" href=\"http:\/\/foyer-aubepine.be\/\" target=\"_blank\">Foyer l\u2019Aub\u00e9pine, situ\u00e9 \u00e0 Havelange<\/a><\/strong>. Le Foyer l\u2019Aub\u00e9pine est un service r\u00e9sidentiel mandat\u00e9 qui accueille 15 jeunes, \u00e2g\u00e9s entre 3&nbsp;et 18&nbsp;ans, b\u00e9n\u00e9ficiant du droit de vivre en dehors de leur milieu de vie. Nous partons d\u2019un constat&nbsp;: souvent, lorsqu\u2019on parle des \u00ab&nbsp;enfants plac\u00e9s&nbsp;\u00bb, on ne conna\u00eet pas bien leur r\u00e9alit\u00e9, fait qui est aggrav\u00e9 par une repr\u00e9sentation sombre de leur vie en institution. L\u2019\u00e9quipe du Foyer l\u2019Aub\u00e9pine tente de ne pas s\u2019enfermer dans un sc\u00e9nario d\u00e9j\u00e0 \u00e9crit, elle cherche \u00e0 ouvrir un nouveau champ de possibles. Le Carnet s&rsquo;attache \u00e0 d\u00e9crire le processus d\u2019une recherche-action-participative, dans laquelle Saki Kogure a \u00e9t\u00e9 directement engag\u00e9e et qui s\u2019est d\u00e9roul\u00e9e entre f\u00e9vrier et novembre 2021. Le contenu est construit gr\u00e2ce \u00e0 de multiples dialogues et rencontres avec les jeunes, les familles, les travailleurs et les partenaires.<\/p>\n<\/div><\/div>\n<\/div><\/div>\n\n\n\n<div class=\"wp-block-media-text alignwide has-media-on-the-right is-stacked-on-mobile\"><figure class=\"wp-block-media-text__media\"><img loading=\"lazy\" decoding=\"async\" width=\"1024\" height=\"723\" src=\"https:\/\/www.rta.be\/milieuxvivants\/wp-content\/uploads\/2022\/02\/RhizAub2-1024x723.jpg\" alt=\"\" class=\"wp-image-133 size-full\" srcset=\"https:\/\/www.rta.be\/milieuxvivants\/wp-content\/uploads\/2022\/02\/RhizAub2-1024x723.jpg 1024w, https:\/\/www.rta.be\/milieuxvivants\/wp-content\/uploads\/2022\/02\/RhizAub2-300x212.jpg 300w, https:\/\/www.rta.be\/milieuxvivants\/wp-content\/uploads\/2022\/02\/RhizAub2-768x543.jpg 768w, https:\/\/www.rta.be\/milieuxvivants\/wp-content\/uploads\/2022\/02\/RhizAub2.jpg 1305w\" sizes=\"auto, (max-width: 1024px) 100vw, 1024px\" \/><\/figure><div class=\"wp-block-media-text__content\">\n<h3 class=\"has-accent-color has-text-color wp-block-heading\" id=\"presentation-de-l-auteur\"><em>Un Carnet de l&rsquo;Aide \u00e0 la Jeunesse<\/em><\/h3>\n\n\n\n<p>Les carnets de l&rsquo;Aide \u00e0 la Jeunesse, inspir\u00e9s des \u00ab\u00a0carnets diversifi\u00e9s\u00a0\u00bb de Bruno Latour (<a rel=\"noreferrer noopener\" href=\"https:\/\/www.intermag.be\/les-carnets\" data-type=\"URL\" data-id=\"https:\/\/www.intermag.be\/les-carnets\" target=\"_blank\">voir ici plus d&rsquo;explications<\/a>) sont produits dans le contexte de l&rsquo;agr\u00e9ment de RTA comme service de formation des services priv\u00e9s de l&rsquo;aide \u00e0 la jeunesse. Ils visent \u00e0 informer et \u00e0 former, \u00e0 t\u00e9moigner de connexions significatives dans lesquelles se sont engag\u00e9s des acteurs donn\u00e9s ; ils esp\u00e8rent rendre d&rsquo;autres connexions possibles gr\u00e2ce \u00e0 la diffusion des travaux (plus grand d\u00e9ploiement, alliances, transformations\u2026). A ce titre, ils souhaitent \u00e9videmment susciter des liaisons avec de nombreux autres secteurs et acteurs et ils sont, pour ce qui nous concerne, articul\u00e9s de fa\u00e7on soutenue avec nos recherches men\u00e9es en \u00e9ducation permanente.<\/p>\n<\/div><\/div>\n\n\n\n<div class=\"wp-block-media-text alignwide is-stacked-on-mobile is-vertically-aligned-center\" style=\"grid-template-columns:29% auto\"><figure class=\"wp-block-media-text__media\"><img loading=\"lazy\" decoding=\"async\" width=\"700\" height=\"914\" src=\"https:\/\/www.rta.be\/milieuxvivants\/wp-content\/uploads\/2022\/02\/PostureAub.jpg\" alt=\"\" class=\"wp-image-229 size-full\" srcset=\"https:\/\/www.rta.be\/milieuxvivants\/wp-content\/uploads\/2022\/02\/PostureAub.jpg 700w, https:\/\/www.rta.be\/milieuxvivants\/wp-content\/uploads\/2022\/02\/PostureAub-230x300.jpg 230w, https:\/\/www.rta.be\/milieuxvivants\/wp-content\/uploads\/2022\/02\/PostureAub-508x663.jpg 508w\" sizes=\"auto, (max-width: 700px) 100vw, 700px\" \/><\/figure><div class=\"wp-block-media-text__content\">\n<div class=\"wp-block-group\"><div class=\"wp-block-group__inner-container is-layout-flow wp-block-group-is-layout-flow\">\n<h3 class=\"has-accent-color has-text-color wp-block-heading\" id=\"resume-de-l-ouvrage\"><em><strong>Avec la participation de<\/strong><\/em><\/h3>\n\n\n\n<p>Jeunes du Foyer l\u2019Aub\u00e9pine, Familles dont les enfants r\u00e9sident au Foyer l\u2019Aub\u00e9pine, Jeunes du projet \u00ab&nbsp;Chacun a sa yourte&nbsp;\u00bb, Fran\u00e7ois Debatty, B\u00e9atrice de Lamotte, Nadine Grosjean, St\u00e9phanie Parmentier, Elsa Lequarr\u00e9, V\u00e9ronique Dehosay, Philippe Clamot, St\u00e9phanie Leleux, Shirley Reynaert, Lionel Houlmont, Anne-Christine Ulrich, Margaux Lizin, Martin Rouard, Am\u00e9lie Marin, A\u00efda Nunez Horado, Johanna Franke, Emilien Magin, Laurens Barkhuysen, Delphine Fadanni, Xavier Scaillet, Isabelle Walhain, Olivier Minet, Florence Godart, Maurice Collinge, Saki Kogure, Jean Blairon, Jacqueline Fastr\u00e8s, Oleg Bernaz<\/p>\n\n\n\n<p>Cr\u00e9dits dessins, photos et diverses illustrations: Jeunes du Foyer l\u2019Aub\u00e9pine, St\u00e9phanie Parmentier, Fran\u00e7ois Debatty, Elsa Lequarr\u00e9, Saki Kogure<\/p>\n<\/div><\/div>\n<\/div><\/div>\n\n\n\n<figure class=\"wp-block-image alignwide size-large\"><img loading=\"lazy\" decoding=\"async\" width=\"1024\" height=\"640\" src=\"https:\/\/www.rta.be\/milieuxvivants\/wp-content\/uploads\/2022\/02\/cropped-homeOrig-scaled-1-1024x640.jpg\" alt=\"\" class=\"wp-image-203\" srcset=\"https:\/\/www.rta.be\/milieuxvivants\/wp-content\/uploads\/2022\/02\/cropped-homeOrig-scaled-1-1024x640.jpg 1024w, https:\/\/www.rta.be\/milieuxvivants\/wp-content\/uploads\/2022\/02\/cropped-homeOrig-scaled-1-300x188.jpg 300w, https:\/\/www.rta.be\/milieuxvivants\/wp-content\/uploads\/2022\/02\/cropped-homeOrig-scaled-1-768x480.jpg 768w, https:\/\/www.rta.be\/milieuxvivants\/wp-content\/uploads\/2022\/02\/cropped-homeOrig-scaled-1-1240x775.jpg 1240w, https:\/\/www.rta.be\/milieuxvivants\/wp-content\/uploads\/2022\/02\/cropped-homeOrig-scaled-1-508x318.jpg 508w, https:\/\/www.rta.be\/milieuxvivants\/wp-content\/uploads\/2022\/02\/cropped-homeOrig-scaled-1.jpg 1440w\" sizes=\"auto, (max-width: 1024px) 100vw, 1024px\" \/><\/figure>\n","protected":false},"excerpt":{"rendered":"<p>Un Carnet de l&rsquo;Aide \u00e0 la Jeunesse Les carnets de l&rsquo;Aide \u00e0 la Jeunesse, inspir\u00e9s des \u00ab\u00a0carnets diversifi\u00e9s\u00a0\u00bb de Bruno Latour (voir ici plus d&rsquo;explications) sont produits dans le contexte de l&rsquo;agr\u00e9ment de RTA comme service de formation des services priv\u00e9s de l&rsquo;aide \u00e0 la jeunesse. Ils visent \u00e0 informer et \u00e0 former, \u00e0 t\u00e9moigner [&hellip;]<\/p>\n","protected":false},"author":1,"featured_media":0,"parent":0,"menu_order":0,"comment_status":"closed","ping_status":"closed","template":"","meta":{"footnotes":""},"class_list":["post-124","page","type-page","status-publish","hentry"],"_links":{"self":[{"href":"https:\/\/www.rta.be\/milieuxvivants\/wp-json\/wp\/v2\/pages\/124","targetHints":{"allow":["GET"]}}],"collection":[{"href":"https:\/\/www.rta.be\/milieuxvivants\/wp-json\/wp\/v2\/pages"}],"about":[{"href":"https:\/\/www.rta.be\/milieuxvivants\/wp-json\/wp\/v2\/types\/page"}],"author":[{"embeddable":true,"href":"https:\/\/www.rta.be\/milieuxvivants\/wp-json\/wp\/v2\/users\/1"}],"replies":[{"embeddable":true,"href":"https:\/\/www.rta.be\/milieuxvivants\/wp-json\/wp\/v2\/comments?post=124"}],"version-history":[{"count":14,"href":"https:\/\/www.rta.be\/milieuxvivants\/wp-json\/wp\/v2\/pages\/124\/revisions"}],"predecessor-version":[{"id":537,"href":"https:\/\/www.rta.be\/milieuxvivants\/wp-json\/wp\/v2\/pages\/124\/revisions\/537"}],"wp:attachment":[{"href":"https:\/\/www.rta.be\/milieuxvivants\/wp-json\/wp\/v2\/media?parent=124"}],"curies":[{"name":"wp","href":"https:\/\/api.w.org\/{rel}","templated":true}]}}